n 1213318 is divided by 4351?
3740
What is the remainder when 1069565 is divided by 631?
20
Calculate the remainder when 2855619 is divided by 951852.
63
Calculate the remainder when 572050 is divided by 572028.
22
Calculate the remainder when 1134166 is divided by 336.
166
What is the remainder when 10403048 is divided by 945728?
40
Calculate the remainder when 4786436 is divided by 3665.
3611
Calculate the remainder when 22419 is divided by 44.
23
Calculate the remainder when 73399595 is divided by 965784.
11
Calculate the remainder when 3130018 is divided by 22.
12
Calculate the remainder when 4352983 is divided by 435285.
133
What is the remainder when 911724 is divided by 70114?
242
Calculate the remainder when 815998 is divided by 4340.
78
What is the remainder when 671731052 is divided by 11347?
11346
What is the remainder when 28907002 is divided by 3232?
3226
Calculate the remainder when 22673271 is divided by 2573.
2568
Calculate the remainder when 5855454 is divided by 1170952.
694
What is the remainder when 1173711 is divided by 2292?
207
What is the remainder when 321262061 is divided by 5716?
5713
What is the remainder when 233661 is divided by 141?
24
What is the remainder when 438509 is divided by 684?
65
Calculate the remainder when 89545498 is divided by 67.
65
What is the remainder when 17631995 is divided by 63884?
11
Calculate the remainder when 14593881 is divided by 1827.
1632
What is the remainder when 222733 is divided by 4842?
1
What is the remainder when 701719 is divided by 36?
7
Calculate the remainder when 1251447118 is divided by 6.
4
Calculate the remainder when 13718570 is divided by 95934.
8
What is the remainder when 16746676 is divided by 299?
284
What is the remainder when 318197 is divided by 317771?
426
What is the remainder when 17787 is divided by 2325?
1512
Calculate the remainder when 11105 is divided by 3042.
1979
What is the remainder when 5115976 is divided by 133?
131
What is the remainder when 677857 is divided by 225287?
1996
What is the remainder when 26693090 is divided by 203764?
6
Calculate the remainder when 6342825 is divided by 15739.
8
Calculate the remainder when 39711 is divided by 1172.
1035
Calculate the remainder when 21425553 is divided by 3481.
3479
What is the remainder when 9906748 is divided by 350?
348
What is the remainder when 305406 is divided by 1552?
1214
What is the remainder when 33785311 is divided by 4682?
4681
Calculate the remainder when 149088322 is divided by 277.
274
What is the remainder when 2563952 is divided by 640956?
128
What is the remainder when 187766 is divided by 4167?
251
What is the remainder when 6763081 is divided by 26?
13
What is the remainder when 2757898 is divided by 44482?
14
What is the remainder when 1551689 is divided by 119359?
22
Calculate the remainder when 102638 is divided by 102514.
124
What is the remainder when 792027 is divided by 1088?
1051
What is the remainder when 157327931 is divided by 3063?
3062
What is the remainder when 832047 is divided by 54?
15
What is the remainder when 59870 is divided by 5318?
1372
What is the remainder when 230588493 is divided by 1970?
1963
Calculate the remainder when 1167643 is divided by 5280.
763
Calculate the remainder when 164352 is divided by 54435.
1047
Calculate the remainder when 1089023 is divided by 6371.
5953
What is the remainder when 675730 is divided by 135091?
275
Calculate the remainder when 65340188 is divided by 24.
20
What is the remainder when 1061857 is divided by 752?
33
What is the remainder when 154368780 is divided by 9648048?
12
Calculate the remainder when 231741 is divided by 2414.
2411
Calculate the remainder when 61556969 is divided by 5238.
5231
What is the remainder when 24134697 is divided by 879?
873
What is the remainder when 73298 is divided by 9102?
482
Calculate the remainder when 392905 is divided by 5309.
39
Calculate the remainder when 17888 is divided by 785.
618
What is the remainder when 3634414 is divided by 14774?
10
What is the remainder when 8348916 is divided by 23518?
26
What is the remainder when 304690944 is divided by 253?
8
Calculate the remainder when 19635965 is divided by 18.
17
Calculate the remainder when 1170264 is divided by 188.
152
Calculate the remainder when 1633708 is divided by 116.
80
Calculate the remainder when 1149125 is divided by 105.
5
What is the remainder when 1385165 is divided by 153851?
506
What is the remainder when 462652 is divided by 5264?
4684
What is the remainder when 151652 is divided by 2109?
1913
What is the remainder when 120456 is divided by 1976?
1896
What is the remainder when 57290 is divided by 579?
548
What is the remainder when 169540522 is divided by 7089?
7087
Calculate the remainder when 46520582 is divided by 5.
2
Calculate the remainder when 26281604 is divided by 2993.
71
Calculate the remainder when 188865 is divided by 3648.
2817
What is the remainder when 45010048 is divided by 1973?
1972
Calculate the remainder when 42198756 is divided by 41.
39
Calculate the remainder when 6825637 is divided by 7.
0
Calculate the remainder when 89028 is divided by 43.
18
Calculate the remainder when 1322529 is divided by 1214.
483
Calculate the remainder when 7569 is divided by 1832.
241
Calculate the remainder when 277383395 is divided by 12.
11
What is the remainder when 6466487 is divided by 1077650?
587
Calculate the remainder when 563163 is divided by 563154.
9
Calculate the remainder when 744804 is divided by 407.
401
Calculate the remainder when 4305994 is divided by 484.
330
Calculate the remainder when 8088 is divided by 3121.
1846
What is the remainder when 17012416 is divided by 144?
112
Calculate the remainder when 383137 is divided by 186.
163
Calculate the remainder when 1858837 is divided by 57.
10
What is the remainder when 161145 is divided by 62?
7
What is the remainder when 1700396 is divided by 1074?
254
Calculate the remainder when 57987093 is divided by 593.
588
What is the remainder when 212641 is divided by 1337?
58
What is the remainder when 2286388 is divided by 76212?
28
Calculate the remainder when 31987222 is divided by 162.
160
Calculate the remainder when 149499 is divided by 1339.
870
Calculate the remainder when 13621334 is divided by 6876.
6854
What is the remainder when 15889797 is divided by 30?
27
Calculate the remainder when 4620343 is divided by 4620290.
53
What is the remainder when 104818 is divided by 223?
8
What is the remainder when 34145308 is divided by 20?
8
Calculate the remainder when 55713338 is divided by 130.
18
What is the remainder when 1846956 is divided by 87950?
6
What is the remainder when 2079763 is divided by 205?
38
Calculate the remainder when 488981 is divided by 24.
5
What is the remainder when 526721 is divided by 87234?
3317
Calculate the remainder when 163710 is divided by 32739.
15
Calculate the remainder when 200425 is divided by 734.
43
Calculate the remainder when 757825 is divided by 31.
30
What is the remainder when 106948 is divided by 936?
244
What is the remainder when 1384705 is divided by 2277?
289
What is the remainder when 523325 is divided by 523309?
16
Calculate the remainder when 309420 is divided by 11.
1
Calculate the remainder when 42592 is divided by 1024.
608
What is the remainder when 151291 is divided by 3?
1
What is the remainder when 246141 is divided by 61527?
33
What is the remainder when 75626297 is divided by 4434?
4427
Calculate the remainder when 112832 is divided by 109.
17
Calculate the remainder when 15082347 is divided by 2.
1
Calculate the remainder when 493068 is divided by 35213.
86
What is the remainder when 155896 is divided by 51483?
1447
What is the remainder when 680841 is divided by 9302?
1795
What is the remainder when 20727404 is divided by 1416?
1412
Calculate the remainder when 627675 is divided by 313701.
273
Calculate the remainder when 386762 is divided by 96678.
50
Calculate the remainder when 3489212 is divided by 1123.
51
What is the remainder when 256988 is divided by 128366?
256
Calculate the remainder when 676423 is divided by 7944.
1183
What is the remainder when 308260 is divided by 2090?
1030
Calculate the remainder when 619296 is divided by 123852.
36
Calculate the remainder 